 Give q(14).
-29
Let q(t) = t**3 + 19*t**2 + 2*t + 42. Give q(-19).
4
Let j(c) = -2*c - 4. What is j(-10)?
16
Let z(m) = m**3 + 3*m**2 - 5*m + 3. Calculate z(-4).
7
Let j(p) = p**2 - 6*p + 11. Calculate j(8).
27
Let h(x) = 14*x**2 + 2. Calculate h(1).
16
Let i(u) = -5*u**2 + u + 2. Determine i(2).
-16
Let i(c) = c**2 + 16*c + 45. What is i(-9)?
-18
Let n(s) = -3*s - 43. Give n(-11).
-10
Let r(x) = -4*x + 14. Calculate r(9).
-22
Let v(h) = -h**2 + 3*h + 2. Determine v(3).
2
Let n(b) = -7*b + 7. Calculate n(5).
-28
Let u(w) = w**3 - 8*w**2 + 11*w + 7. Calculate u(4).
-13
Let y(l) = -4*l**2 + 8. What is y(-2)?
-8
Let j(x) = 2*x**3 + 3*x - 2. What is j(1)?
3
Let s(m) = m**2 - 14*m + 8. Give s(13).
-5
Let y(c) = 2*c**2 + 17*c + 1. Calculate y(-8).
-7
Let g(x) = -x**3 - 9*x**2 - 9*x - 4. Determine g(-8).
4
Let y(v) = 8*v - 67. Calculate y(9).
5
Let s(l) = 37*l**2 + 5*l + 1. What is s(1)?
43
Let b(f) = 16*f**2 + 2*f - 2. What is b(-2)?
58
Let u(l) = l**2 + 9*l + 7. Determine u(-8).
-1
Let t(q) = 2*q**2 - 9*q + 7. Give t(4).
3
Let x(v) = v**3 - 5*v**2 + 5*v - 6. What is x(4)?
-2
Let f(p) = 5*p + 104. Determine f(-22).
-6
Let h(r) = -2*r**3 - 30*r**2 + r + 5. Calculate h(-15).
-10
Let o(x) = x**2 - 10*x + 20. Determine o(5).
-5
Let h(z) = 6*z - 73. Give h(11).
-7
Let i(h) = -17*h**3 + h**2 - h - 1. What is i(-1)?
18
Let a(x) = x**2 + 6*x - 2. Calculate a(4).
38
Let t(m) = -m**3 - 4*m**2 + 11*m - 4. What is t(-6)?
2
Let m(s) = s**3 + 9*s**2 - 13*s - 22. What is m(-10)?
8
Let g(q) = -q**3 - 3*q + 2. Give g(2).
-12
Let d(r) = r + 37. Determine d(0).
37
Let n(b) = -2*b**3 + 3*b**2 + b - 3. What is n(-2)?
23
Let d(k) = -11*k**2 - 65*k + 12. Give d(-6).
6
Let v(x) = 7*x**3 - 2*x**2 - 2*x + 3. Calculate v(2).
47
Let p(z) = -4*z**3 - 8*z**2 + 4*z + 6. What is p(-2)?
-2
Let g(x) = -49*x**3 - 2*x - 1. Determine g(-1).
50
Let b(v) = 2*v + 9. What is b(9)?
27
Let q(h) = -24*h + 23. Give q(5).
-97
Let p(o) = o**2 + 12*o + 4. Determine p(-11).
-7
Let b(g) = g**3 + 5*g**2 - g. What is b(-4)?
20
Let y(z) = -z**2 + 8*z + 15. Calculate y(10).
-5
Let z(p) = -22*p + 5. Give z(3).
-61
Let l(g) = 12*g + 34. What is l(-5)?
-26
Let o(x) = -x**2 + 50*x - 153. Determine o(47).
-12
Let f(h) = h**2 - 4*h - 88. Determine f(-8).
8
Let z(a) = a**3 - 14*a**2 + 26*a - 29. Give z(12).
-5
Let b(t) = -t**3 + 9*t**2 - 6*t + 11. Calculate b(8).
27
Let c(u) = u**2 + 9*u - 24. Determine c(-11).
-2
Let w(f) = -f**2 + 16*f - 2. Calculate w(13).
37
Let i(w) = w**3 - 4*w**2 + 8*w - 6. Determine i(3).
9
Let b(m) = m**2 - 6*m + 19. What is b(3)?
10
Let f(c) = -c**3 + 5*c**2 - 3*c + 8. Give f(6).
-46
Let x(w) = -w**2 - 3*w + 17. Calculate x(-6).
-1
Let g(c) = c**2 + 9*c - 19. Give g(-10).
-9
Let r(d) = -4*d**2 - 2*d - 4. Calculate r(-1).
-6
Let r(v) = -2*v**2 - 4*v + 17. What is r(-4)?
1
Let v(b) = -108*b - 195. Calculate v(-2).
21
Let b(j) = -j**3 + 8*j**2 - 14*j - 5. What is b(8)?
-117
Let h(t) = t**3 - 5*t**2 - 6*t + 14. Determine h(4).
-26
Let v(n) = -n**3 + 2*n**2 - n - 2. What is v(3)?
-14
Let w(n) = 3*n**2 - 11*n + 5. Give w(4).
9
Let u(n) = -2*n + 3. Give u(3).
-3
Let c(i) = -5*i**2 + i + 2. What is c(-1)?
-4
Let n(y) = -3*y - 55. Calculate n(-18).
-1
Let o(x) = -x - 9. What is o(0)?
-9
Let o(h) = -h**3 - 15*h**2 - h - 12. Calculate o(-15).
3
Let t(y) = y + 1. Calculate t(-4).
-3
Let d(z) = -3*z + 150. Determine d(43).
21
Let u(c) = 6*c**2 - 9*c + 6. Give u(3).
33
Let d(w) = 10*w - 11. Give d(-1).
-21
Let b(m) = -10*m + 12. Give b(4).
-28
Let o(z) = z**3 + z**2 + 12*z + 22. What is o(-2)?
-6
Let x(d) = 24*d - 69. Give x(5).
51
Let w(j) = -j - 17. Give w(0).
-17
Let w(p) = -4*p**2 + 34*p - 1. Determine w(8).
15
Let w(s) = -7*s + 13. Determine w(4).
-15
Let h(d) = d - 4. Give h(-9).
-13
Let p(s) = -s**3 + 9*s**2 - 9*s - 39. Give p(7).
-4
Let h(g) = -7*g - 5. What is h(-2)?
9
Let w(z) = -2*z**2 + 10*z + 8. Give w(7).
-20
Let r(b) = -3*b**3 - 4*b**2 - b + 1. What is r(-1)?
1
Let x(k) = k**2 + 11*k - 3. Determine x(-10).
-13
Let z(h) = 5*h**2 - 13*h + 1. Calculate z(4).
29
Let p(m) = 6*m + 54. Calculate p(-9).
0
Let o(d) = d**2 - 13*d + 7. Determine o(10).
-23
Let m(z) = -2*z - 36. What is m(-9)?
-18
Let x(p) = -p**2 + 10*p. Determine x(8).
16
Let h(p) = p**2 + 11*p + 12. What is h(-8)?
-12
Let o(x) = x**2 - 4*x + 3. What is o(8)?
35
Let p(r) = -r**3 - 2*r**2 + 7*r + 3. Determine p(-4).
7
Let g(s) = -17*s**2. What is g(-1)?
-17
Let h(q) = -6*q**2 + 4*q - 7. Give h(3).
-49
Let q(d) = 2*d - 29. Give q(16).
3
Let m(z) = -z - 7. Determine m(-3).
-4
Let c(n) = n**2 - 32*n + 198. Calculate c(9).
-9
Let d(x) = -x**2 - x + 1. What is d(2)?
-5
Let h(x) = -15*x + 32. Calculate h(6).
-58
Let o(n) = 3*n + 7. Determine o(4).
19
Let f(q) = -q**3 - 4*q**2 + 2*q + 4. Determine f(-4).
-4
Let x(g) = -3*g**3 - g - 1. Give x(-1).
3
Let u(g) = -g**2 - 16*g + 105. Give u(-21).
0
Let a(y) = -y**2 + 13*y + 2. What is a(3)?
32
Let q(x) = x**2 - 6*x - 11. What is q(7)?
-4
Let a(n) = -n**3 + 14*n**2 - 16*n + 27. Determine a(13).
-12
Let q(w) = w**3 + 2*w - 3. Give q(3).
30
Let r(t) = -10*t**2 - 5*t + 6. Calculate r(1).
-9
Let o(f) = 3*f**2 - 25*f + 7. Calculate o(9).
25
Let i(b) = -2*b**3 + 10*b**2 + 2*b - 3. What is i(5)?
7
Let q(x) = -13*x - 338. Calculate q(-26).
0
Let s(f) = f**2 + 4*f + 3. Give s(-4).
3
Let d(y) = y + 15. What is d(-14)?
1
Let i(k) = k**2 + 10*k - 46. Calculate i(-14).
10
Let k(v) = 5*v - 33. Give k(7).
2
Let i(d) = -d**2 + 9*d + 9. Calculate i(10).
-1
Let y(a) = 2*a**2 - a - 4. What is y(-3)?
17
Let z(t) = t**2 - 5*t + 2. Determine z(5).
2
Let p(v) = -v**3 - 14*v**2 - 7*v - 18. Calculate p(-13).
-96
Let n(m) = m**2 + 17*m + 82. Calculate n(-16).
66
Let o(f) = f**2 + 17*f + 42. Calculate o(-4).
-10
Let n(m) = -m**3 + 11*m**2 + 12*m + 16. What is n(12)?
16
Let r(a) = -a**3 - 6*a**2 - 2*a + 12. Calculate r(-5).
-3
Let x(d) = -d - 17. Calculate x(-14).
-3
Let g(p) = 12*p - 128. What is g(10)?
-8
Let o(x) = x**3 - 38*x**2 - 37*x - 83. Determine o(39).
-5
Let j(k) = 30*k**2 + 2*k - 4. Calculate j(2).
120
Let n(g) = 2*g - 27. Determine n(-10).
-47
Let u(q) = -q**3 - 4*q**2 + 3*q - 7. Determine u(-5).
3
Let m(r) = -2*r**2 + 4*r + 44. Determine m(-4).
-4
Let b(y) = 34*y**3 + y**2 - 1. Calculate b(-1).
-34
Let g(t) = -t**2 + 8*t - 3. Give g(9).
-12
Let t(v) = -37*v**3 - 2*v - 1. What is t(-1)?
38
Let s(i) = -i**2 - 15*i - 46. Determine s(-7).
10
Let x(m) = -m**3 - 3*m**2 + 13*m + 11. Determine x(-5).
-4
Let y(i) = 2*i**2 + 15*i - 31. Give y(-9).
-4
Let n(q) = 6*q**2 - q. Determine n(1).
5
Let k(i) = -4*i - 81. What is k(-21)?
3
Let o(m) = 4*m**2 - 86*m - 40. What is o(22)?
4
Let y(s) = -3*s**2 + 6*s + 29. Determine y(5).
-16
Let g(l) = -l - 10. Determine g(-10).
0
Let b(g) = 4*g - 3. What is b(3)?
9
Let l(h) = 7*h + 12. Determine l(13).
103
Let y(s) = -s**2 - 15*s - 24. What is y(-11)?
20
Let s(o) = -3*o + 1. Give s(2).
-5
Let f(b) = -2*b**2 + 14*b. Calculate f(7).
0
Let i(p) = 2*p + 19. What is i(-6)?
7
Let b(f) = f**3 + 3*f**2 - 9*f - 3. Determine b(-4).
17
Let t(c) = c**3 + c**2 + 54. Calculate t(0).
54
Let s(b) = b**2 - 9*b + 24. Give s(7).
10
Let r(w) = -w**3 - 4*w**2 + 4*w - 12. Determine r(-5).
-7
Let f(d) = -d**2 + 8*d + 48. Calculate f(-5).
-17
Let p(i) = -i**2 + 13*i - 3. Calculate p(12).
9
Let n(y) = y**2 - 7*y - 11. Calculate n(9).
7
Let j(t) = 3*t**2 + 42*t + 8. Give j(-12).
-64
Let t(w) = -w**3 - 12*w**2 - 8*w - 6. What is t(-11)?
-39
Let x(j) = 6*j + 21. What is x(-7)?
-21
Let g(u) = -16*u + 1. Calculate g(-1).
17
Let p(d) = 2*d**3 + 6*d**2 - 2*d - 3. Give p(-3).
3
Let o(s) = 21*s + 471. Give o(-23).
-12
Let d(c) = -c**2 + 43*c - 80. Calculate d(42).
-38
Let k(f) = -2*f**2 + f + 7. Determine k(3).
-8
Let d(x) = x**3 - 4*x**2 - 7*x + 4. Calculate d(5).
-6
Let x(z) = -38*z. Give x(-1).
38
Let n(r) = 30*r + 22. Calculate n(-1).
-8
Let j(l) = -l**3 - l**2 - 3*l + 5. Give j(0).
5
Let l(n) = 4*n**3 + 2*n**2 - 10*n + 15. Give l(2).
35
Let y(u) = u**3 + 5*u**2 + 6*u + 11. What is y(-5)?
-19
Let r(i) = i**2 + 4*i. What is r(3)?
21
Let q(p) = p**2 + 9*p + 38. Determine q(-3).
20
Let t(l) = l**3 + 9*l**2 - 55*l - 33. What is t(-13)?
6
Let t(a) = -3*a + 13. What is t(1)?
10
Let m(x) = -4*x + 19. Calculate m(11).
-25
Let z(g) = -3*g**2 - 9*g - 6. Determine z(4).
-90
Let v(u) = -32*u + 3. Calculate v(-3